42) + 4/(-14). List the prime factors of ((-2 + n)*-10)/2.
5
Let v(a) = -a + 8. Let w be (-260)/(-45) + (-4)/(-18). What are the prime factors of v(w)?
2
Let i be (-11)/(-3) + 2/(-3). Let n = 0 + -1. What are the prime factors of (n + 1)/i + 12?
2, 3
Suppose -95 = -2*s + b, 5*s - 2*b = -5*b + 243. List the prime factors of s.
2, 3
Let n = -142 + 330. List the prime factors of n.
2, 47
Suppose 3*f + f - 188 = 0. Let n = f + -10. What are the prime factors of n?
37
List the prime factors of (0 + 106/(-4))/(11/(-22)).
53
Let l(a) = 11*a + a**2 + a**3 - 2*a**3 - 6 + 5*a**2. Suppose -28 = -7*n + 3*n. What are the prime factors of l(n)?
2, 11
Suppose 4*l - 2*l - 72 = 0. What are the prime factors of l?
2, 3
List the prime factors of (3674/33)/(4/6).
167
Let z(c) = -9*c - 28. List the prime factors of z(-12).
2, 5
Suppose -3*n = -4*b + 93, 2*b + 8*n = 3*n + 27. What are the prime factors of b?
3, 7
Suppose m + m = 2*h - 90, 0 = 4*h - 3*m - 176. Suppose h = 3*o - 0*v - 2*v, 0 = -5*o + 4*v + 69. List the prime factors of o.
13
Let r be (0/(0 + 1))/1. Suppose -2*p - 1 + 5 = r. Suppose c = p*j - c - 18, c - 26 = -4*j. What are the prime factors of j?
7
Suppose -572 = -5*h + 4*i, 2*h = -2*h + 3*i + 457. List the prime factors of h.
2, 7
Suppose -1090 = -5*z + 4*c, -10 = 3*c + 5. List the prime factors of z.
2, 107
Suppose 4*h + 28 = 2*i, 0 = 3*i + 2*h - 5*h - 36. Let o = 12 - i. Suppose -s + 9 = o*k - 0*s, 0 = -3*k + 3*s + 9. List the prime factors of k.
2
Let x = -96 + 315. What are the prime factors of x?
3, 73
Let j be 5 + (1 - 4 - 0). Let c = -6 + 10. List the prime factors of 4/j + 1*c.
2, 3
Let j = 328 - 59. What are the prime factors of j?
269
Let s = 16 - 8. Suppose -4*b - 4*d + 4 = -s*d, 4*d = -4*b + 12. What are the prime factors of b?
2
Suppose l - 64 = -0*l. Let a = -34 + l. Suppose 5*k - 75 = -4*d, 3*k = -5*d + 114 - a. List the prime factors of d.
3, 5
Let u = 380 + -267. What are the prime factors of u?
113
Let k(q) = -15*q - 10. What are the prime factors of k(-14)?
2, 5
Suppose 30 = 3*g - 8*g. Let o(r) = -r**2 - r + 1. Let s(i) = 2*i**2 - 2*i - 1. Let v(x) = -3*o(x) - s(x). What are the prime factors of v(g)?
2
Suppose 0*t + t = 3*v - 368, -5*v = 3*t - 590. List the prime factors of v.
11
Let w be 0 + 2 - (15 - 4). Let q(g) be the third derivative of -g**5/60 - g**4/2 - 2*g**3 + g**2. List the prime factors of q(w).
3, 5
Let i(h) = 9*h - 4. Let v(k) = -10*k + 5. Let u(l) = -4*i(l) - 3*v(l). Suppose -5*t = y - 0*y + 17, 2*y + 7 = -t. What are the prime factors of u(y)?
13
Let q(a) = a**3 + 4*a**2 - 6*a - 2. Let n be q(-4). Let w(l) = 3*l - 4. Let y be w(6). Let p = n - y. What are the prime factors of p?
2
Let p(j) = 6*j + 1. Let m = 5 + -4. Let o be p(m). Suppose 0 = s - o + 3. List the prime factors of s.
2
Let f = -20 - -30. What are the prime factors of f?
2, 5
What are the prime factors of (4 - 5) + 0 + 69?
2, 17
Let u = -6 + 27. List the prime factors of u.
3, 7
Suppose 4*l - 3*l - 12 = -4*f, -4*l - 2*f = -20. Suppose 5*j - 4*j = l. What are the prime factors of j?
2
Let n be 184/6 + 10/(-15). Suppose -5*r = -3*r - n. What are the prime factors of r?
3, 5
Suppose -c + 12 = j, -c - 2*j = 2*j - 21. Let x be 6/c + 14/6. List the prime factors of ((-7)/x + 2)*-21.
7
Let h = 4 - -2. Suppose 0 = a + 2*a - h. List the prime factors of (-6)/a*10/(-15).
2
What are the prime factors of (4/(-5))/((-1)/90)?
2, 3
Suppose 0 = -q - 4*q + 20. Suppose 5 = -q*l + 37. Suppose 2*d - l = 0, -2*w - 4*d = -7*w - 6. What are the prime factors of w?
2
Let k(m) = -m**3 + 13*m**2 - 11*m - 10. Let c be k(12). List the prime factors of (396/(-27))/(c/(-3)).
2, 11
Let r(g) = g - 3 + 1 - g**3 + 5*g**2 + 6. List the prime factors of r(5).
3
Let h = 3 - 0. Suppose h*s = 3*l - 24, 29 + 9 = 4*l + 2*s. What are the prime factors of ((-6)/(-5))/(l/60)?
2
Let d(j) = j**3 + 5*j**2 + 3*j + 3. Suppose 4*n + 21 = v, -3*n = 2*v + 2*v - 27. Suppose -3*b + 6*b + v = 0. List the prime factors of d(b).
2, 3
Suppose 11*c + 360 = 16*c. What are the prime factors of c?
2, 3
Suppose -2*y + 20 = 2*y. Suppose 0 = 2*c - y*c + 6. Suppose c*z + 4 = 3*z. What are the prime factors of z?
2
Let r be 94 - (-2)/(-3)*3. Suppose m = 3*f + 34, 3*m - r = f - 14. What are the prime factors of m?
5
Let m be 10/(-4)*(-7 + -1). Suppose 5*u = -3*o + 44, o + o - m = -u. List the prime factors of o.
2
Suppose 0 = i - 2*i - 4*x + 1, -x + 4 = i. What are the prime factors of i?
5
Let f = 1 - -14. Suppose -8*c + 3*c = -f. List the prime factors of ((-2)/c)/((-4)/18).
3
Let j be (-1 - (1 - 2))/(-2). Suppose j*d + 30 = -3*d. List the prime factors of ((-2)/5)/(2/d).
2
Suppose 2*w + 69 = 15. Let j = 41 + w. List the prime factors of j.
2, 7
Let d be -4 - -8 - (1 - 2). Suppose 3*z - d*n + 0 - 13 = 0, -3*z = -n - 29. List the prime factors of z.
11
Suppose 0 = -2*c + 3*l + 104, -l = -c + 7 + 47. Suppose 2*h + 0*z = 4*z + 36, 4*h - z - c = 0. List the prime factors of h.
2, 7
Let c = -1 - -3. Suppose 0 = -2*a - 2*i + 12, 5*a - 3*i = -4*i + 14. Suppose -c*b = r - 20, -a*b + 2*r = 4*r - 20. What are the prime factors of b?
2, 5
Let v = 1 - -1. Let g(w) = 5*w**3 + w**2 - 4*w + 3. Let s be g(v). Suppose 5 + s = 4*n. List the prime factors of n.
11
Suppose -10 = -2*a - 3*x, 2*a + 4 = -0*x + 4*x. Suppose 5*t = a*i - 13, -1 + 5 = 4*t. List the prime factors of i.
3
Suppose -66 + 22 = -4*r. Let o = 31 - r. What are the prime factors of o?
2, 5
Let q(v) = v**3 + 5*v**2 + 4. Suppose -z = -0*z + 5. List the prime factors of q(z).
2
Let p(r) = -3*r**2 - 9*r + 9. Let o(k) = -k**2 + k. Let h(t) = 4*o(t) - p(t). List the prime factors of h(7).
3, 11
Let y be (1/2)/((-2)/(-12)). Suppose -3 = -y*i + 24. What are the prime factors of i?
3
Suppose 2 + 0 = -m. Suppose -2*x = 3*x - 5. Let f = x - m. What are the prime factors of f?
3
Suppose 4*a + 0 - 16 = 0, k - 36 = -2*a. Let g = k - -7. What are the prime factors of g?
5, 7
Let b(o) = 4*o + 8. Suppose 2*m = -m + 15. What are the prime factors of b(m)?
2, 7
Suppose -a = 5*d - 14, 3*d + a + 0*a - 8 = 0. List the prime factors of d.
3
Let d(b) = 4 + 1 - 3*b - 2 - 3*b. List the prime factors of d(-3).
3, 7
Let q(u) = -u**3 + 3*u**2 - 3*u + 4. What are the prime factors of q(-3)?
67
What are the prime factors of (3 + (-18)/4)*84/(-3)?
2, 3, 7
Suppose 0 = 2*z - 32 - 4. Let d = -11 + z. List the prime factors of d.
7
Let t = 3 - 11. Let l(r) = r + 11. List the prime factors of l(t).
3
Suppose -4*m + 140 = 4*z, 2*m + z - 62 = -3*z. What are the prime factors of m?
3, 13
Let v = -5 - -7. Let b(i) = 3*i**3 - i**2 + 2. List the prime factors of b(v).
2, 11
Suppose -93 - 199 = -4*w. What are the prime factors of w?
73
What are the prime factors of 2/(-5) + -1 + (-4708)/(-20)?
2, 3, 13
Suppose 3*y - 3 = -3*w, 4*y = -0*w + 2*w - 20. Let l be (y*(-21)/9)/1. Let b(p) = p**3 - 8*p**2 + 8*p + 6. List the prime factors of b(l).
13
Let n(q) = -q**2 + 4*q + 5. Suppose -4*t - 8 = 0, -4*l + 0*l - 2*t = -60. Suppose 2*r = -2*r + l. What are the prime factors of n(r)?
5
Suppose -4*t - 3*l - 471 = 0, -4*t = -5*t + 5*l - 135. Let d be (-4)/14 + t/21. Let r(i) = -i**2 - 8*i + 4. List the prime factors of r(d).
2
Let j = 14 - 5. Let o(z) = 9*z + z**2 + 0*z**2 + 7*z**2 - z**3 + 13. List the prime factors of o(j).
13
What are the prime factors of ((-240)/56)/(9/(-42))?
2, 5
Let j(y) = 22*y - 24. List the prime factors of j(7).
2, 5, 13
Let z be (3 - 2)/((-3)/(-33)). Let i = z + -8. What are the prime factors of (-12)/3*(-6)/i?
2
Suppose -3 = -4*z + 13. What are the prime factors of 7/(-3 + z) + 3?
2, 5
Suppose -2*c = -3*c + 20. Suppose 4*d + c = -d. Let o = 6 + d. List the prime factors of o.
2
Let m(l) = l**3 + 6*l**2 - 2*l - 8. Suppose 4*d + 12 = -12. What are the prime factors of m(d)?
2
Suppose 3*c + c + 24 = 0. Let z = -3 - c. What are the prime factors of z?
3
Let r(w) = w**3 - 8*w**2 + 3*w + 9. List the prime factors of r(8).
3, 11
Let u(t) = 17*t - 8. List the prime factors of u(7).
3, 37
Let w be 7 - 1 - 6/3. Suppose -8*o = 3*j - 3*o + 10, 0 = o + 2. Suppose 2*z - 4*z + 18 = -w*g, j = -2*z + 5*g + 18. What are the prime factors of z?
3
Let c(f) = f**2 + 3*f - 4. Let b be c(-5). Let u be 0*((-9)/b)/(-3). Suppose -18 = -3*r + t, -r - 2*r - t + 24 = u. List the prime factors of r.
7
Let q be (51/34)/